{"id":166,"date":"2018-01-19T09:54:30","date_gmt":"2018-01-19T09:54:30","guid":{"rendered":"http:\/\/localhost\/mysite\/?page_id=166"},"modified":"2020-08-07T12:21:28","modified_gmt":"2020-08-07T12:21:28","slug":"4-voorbereiding-in-easyvoraswindows","status":"publish","type":"page","link":"https:\/\/edi.easypos.nl\/?page_id=166","title":{"rendered":"4. Voorbereiding in easyVorasWindows"},"content":{"rendered":"<p style=\"text-align: right;\"><a href=\"http:\/\/edi.easypos.nl\/?page_id=159\">&lt;<\/a> | <a href=\"http:\/\/edi.easypos.nl\/?page_id=177\/\">&gt;<\/a><\/p>\n<p>Dat gaat niet vanzelf. De voorbereiding is erg belangrijk. Heb je je goed voorbereid en heb je Voras goed ingericht dan loopt het daarna vanzelf.<br \/>\nIn Voras worden de pricats van verschillende leveranciers, verschillend behandeld. Dat is ook nodig want niet alleen is de opbouw van de bestanden soms anders, maar soms betekent code a bij leverancier a iets<br \/>\nheel anders dan code a bij leverancier b. En dat wil je natuurlijk wel goed in het systeem hebben staan.<br \/>\nWe moeten dus weten hoeveel vertaaltabellen je nodig hebt en hoe je die in moet richten.<\/p>\n<p><img loading=\"lazy\" decoding=\"async\" class=\"alignnone wp-image-356\" src=\"\/wp-content\/uploads\/EasyposSoftware-191-1.png\" alt=\"\" width=\"83\" height=\"53\" \/><\/p>\n<h2>4.1 Hoeveel vertaaltabellen heb ik nodig?<\/h2>\n<p>Sommige leveranciers voeren meer dan \u00e9\u00e9n merk. Sommige leveranciers hanteren ook meer dan \u00e9\u00e9n ILN<br \/>\ndie overeenkomen met de merken, of soms zelfs subdivisies van de merken. De meeste leveranciers voeren<br \/>\nmaar \u00e9\u00e9n ILN waar alle merken onder vallen, dan heb je binnen easyVorasWindows maar \u00e9\u00e9n vertaaltabel<br \/>\nnodig per leverancier.<br \/>\nSoms hanteert een leverancier meerdere ILN&#8217;s voor edi. Vraag bij de leverancier dus na welk ILN zij<br \/>\nhanteren voor edi voor de merken die jij wilt hebben. Vaak is de vraag of alle merken in \u00e9\u00e9n pricat zitten<br \/>\nvoldoende. Ze kunnen namelijk maar \u00e9\u00e9n afzender meesturen per pricat, ook als daar meerdere merken in<br \/>\nzitten. Zitten alle merken in \u00e9\u00e9n pricat dan kun je met \u00e9\u00e9n vertaaltabel uit de voeten.<\/p>\n<p><strong>Stap 6: bij leverancier vragen of alle merken in een pricat zitten<\/strong><br \/>\n<strong>Stap 7: edi modules en vertaaltabellen bestellen bij easyPOS<\/strong><br \/>\nAls je geen edi modules en vertaaltabellen bestelt bij easyPOS, staan deze onderdelen niet aan in Voras en<br \/>\nkun je niets inrichten.<br \/>\nVoor de rest van dit stuk gaan we er even vanuit dat een leverancier maar een ILN heeft voor al haar<br \/>\nmerken.<\/p>\n<p><img loading=\"lazy\" decoding=\"async\" class=\"alignnone wp-image-356\" src=\"\/wp-content\/uploads\/EasyposSoftware-191-1.png\" alt=\"\" width=\"83\" height=\"53\" \/><\/p>\n<p style=\"text-align: right;\"><a href=\"http:\/\/edi.easypos.nl\/?page_id=159\">&lt;<\/a> | <a href=\"http:\/\/edi.easypos.nl\/?page_id=177\/\">&gt;<\/a><\/p>\n","protected":false},"excerpt":{"rendered":"<p>&lt; | &gt; Dat gaat niet vanzelf. De voorbereiding is erg belangrijk. Heb je je goed voorbereid en heb je Voras goed ingericht dan loopt het daarna vanzelf. In Voras worden de pricats van verschillende leveranciers, verschillend behandeld. Dat is ook nodig want niet alleen is de opbouw van de bestanden soms anders, maar soms &hellip; <a href=\"https:\/\/edi.easypos.nl\/?page_id=166\" class=\"more-link\">Lees verder <span class=\"screen-reader-text\">&#8220;4. Voorbereiding in easyVorasWindows&#8221;<\/span><\/a><\/p>\n","protected":false},"author":3,"featured_media":0,"parent":0,"menu_order":0,"comment_status":"closed","ping_status":"closed","template":"","meta":{"footnotes":""},"class_list":["post-166","page","type-page","status-publish","hentry"],"_links":{"self":[{"href":"https:\/\/edi.easypos.nl\/index.php?rest_route=\/wp\/v2\/pages\/166","targetHints":{"allow":["GET"]}}],"collection":[{"href":"https:\/\/edi.easypos.nl\/index.php?rest_route=\/wp\/v2\/pages"}],"about":[{"href":"https:\/\/edi.easypos.nl\/index.php?rest_route=\/wp\/v2\/types\/page"}],"author":[{"embeddable":true,"href":"https:\/\/edi.easypos.nl\/index.php?rest_route=\/wp\/v2\/users\/3"}],"replies":[{"embeddable":true,"href":"https:\/\/edi.easypos.nl\/index.php?rest_route=%2Fwp%2Fv2%2Fcomments&post=166"}],"version-history":[{"count":3,"href":"https:\/\/edi.easypos.nl\/index.php?rest_route=\/wp\/v2\/pages\/166\/revisions"}],"predecessor-version":[{"id":1137,"href":"https:\/\/edi.easypos.nl\/index.php?rest_route=\/wp\/v2\/pages\/166\/revisions\/1137"}],"wp:attachment":[{"href":"https:\/\/edi.easypos.nl\/index.php?rest_route=%2Fwp%2Fv2%2Fmedia&parent=166"}],"curies":[{"name":"wp","href":"https:\/\/api.w.org\/{rel}","templated":true}]}}